{"id":48,"date":"2023-01-21T10:14:21","date_gmt":"2023-01-21T09:14:21","guid":{"rendered":"https:\/\/dimljenariba.com\/suskavci\/?page_id=48"},"modified":"2023-01-23T13:39:11","modified_gmt":"2023-01-23T12:39:11","slug":"par-rijeci-o-nama","status":"publish","type":"page","link":"https:\/\/dimljenariba.com\/suskavci\/par-rijeci-o-nama\/","title":{"rendered":"Par rije\u010di o nama"},"content":{"rendered":"<p><img loading=\"lazy\" decoding=\"async\" class=\"size-medium wp-image-35 alignright\" src=\"https:\/\/dimljenariba.com\/suskavci\/wp-content\/uploads\/2022\/12\/logo-trans-300x300.png\" alt=\"\" width=\"300\" height=\"300\" srcset=\"https:\/\/dimljenariba.com\/suskavci\/wp-content\/uploads\/2022\/12\/logo-trans-300x300.png 300w, https:\/\/dimljenariba.com\/suskavci\/wp-content\/uploads\/2022\/12\/logo-trans-150x150.png 150w, https:\/\/dimljenariba.com\/suskavci\/wp-content\/uploads\/2022\/12\/logo-trans-100x100.png 100w, https:\/\/dimljenariba.com\/suskavci\/wp-content\/uploads\/2022\/12\/logo-trans.png 512w\" sizes=\"auto, (max-width: 300px) 100vw, 300px\" \/>Tim sastavljen od mladih ljudi, no sa velikim iskustvom u proizvodnji morskih delicija po tradicionalnoj recepturi, odlu\u010dio je svoju strast prema hrani pretvoriti u ozbiljan posao.<\/p>\n<p>Radimo ono \u0161to volimo i volimo ono \u0161to radimo, a najvi\u0161e nas \u010dini sretnima podijeliti sa vama iskustvo preto\u010deno u vrhunske proizvode, pri \u010demu se radujemo svakom &#8216;mmmm&#8217; i svakom osmijehu koje izmame na\u0161ih ruku djela.<\/p>\n<p>Veliki broj zadovoljnih klijenata i brojne pohvale daju nam poticaj za nastavak rada i daljnje \u0161irenje asortimana i tr\u017ei\u0161ta.<\/p>\n<hr \/>\n<h4>Restorani<\/h4>\n<ul class=\"tick\">\n<li>Restaurant ArtaLarga by gastro diva, Makarska<\/li>\n<li>Lovranska vrata, Lovran<\/li>\n<li>Mornar, Rijeka<\/li>\n<li>Zijavica, Mo\u0161\u0107eni\u010dka Draga<\/li>\n<li>Konoba Ribica, Rijeka<\/li>\n<li>Konoba Casa Mia, Premantura<\/li>\n<li>Ostaria Veranda, Volosko<\/li>\n<li>Restaurant Roko, Opatija<\/li>\n<li>Hotel Domino, Opatija<\/li>\n<li>Trattoria Mandra\u0107, Volosko<\/li>\n<li>Ristorante Spagho, Rijeka<\/li>\n<li>Botel Marina, Rijeka<\/li>\n<li>Restoran Maslina, Rijeka<\/li>\n<li>Restoran Marina, Krk &#8211; Punat<\/li>\n<li>Restaurant Rubin, Crikvenica<\/li>\n<li>Gostiona Belona, Cres<\/li>\n<li>Konoba \u010cok, Novigrad<\/li>\n<li>Ribarska koliba, Pag<\/li>\n<li>Restaurant Delfino Blu, Medulin<\/li>\n<\/ul>\n<hr \/>\n<h4>Hoteli<\/h4>\n<ul class=\"tick\">\n<li>Hoteli Valamar<\/li>\n<\/ul>\n<hr \/>\n","protected":false},"excerpt":{"rendered":"<p>Tim sastavljen od mladih ljudi, no sa velikim iskustvom u proizvodnji morskih delicija po tradicionalnoj recepturi, odlu\u010dio je svoju strast prema hrani pretvoriti u ozbiljan posao. Radimo ono \u0161to volimo i volimo ono \u0161to radimo, a najvi\u0161e nas \u010dini sretnima podijeliti sa vama iskustvo preto\u010deno u vrhunske proizvode, pri \u010demu se radujemo svakom &#8216;mmmm&#8217; i &hellip; <\/p>\n<p class=\"link-more\"><a href=\"https:\/\/dimljenariba.com\/suskavci\/par-rijeci-o-nama\/\" class=\"more-link\">Nastavi \u010ditati<span class=\"screen-reader-text\"> &#8220;Par rije\u010di o nama&#8221;<\/span><\/a><\/p>\n","protected":false},"author":1,"featured_media":198,"parent":0,"menu_order":0,"comment_status":"closed","ping_status":"closed","template":"","meta":{"footnotes":""},"class_list":["post-48","page","type-page","status-publish","has-post-thumbnail","hentry"],"_links":{"self":[{"href":"https:\/\/dimljenariba.com\/suskavci\/wp-json\/wp\/v2\/pages\/48","targetHints":{"allow":["GET"]}}],"collection":[{"href":"https:\/\/dimljenariba.com\/suskavci\/wp-json\/wp\/v2\/pages"}],"about":[{"href":"https:\/\/dimljenariba.com\/suskavci\/wp-json\/wp\/v2\/types\/page"}],"author":[{"embeddable":true,"href":"https:\/\/dimljenariba.com\/suskavci\/wp-json\/wp\/v2\/users\/1"}],"replies":[{"embeddable":true,"href":"https:\/\/dimljenariba.com\/suskavci\/wp-json\/wp\/v2\/comments?post=48"}],"version-history":[{"count":6,"href":"https:\/\/dimljenariba.com\/suskavci\/wp-json\/wp\/v2\/pages\/48\/revisions"}],"predecessor-version":[{"id":194,"href":"https:\/\/dimljenariba.com\/suskavci\/wp-json\/wp\/v2\/pages\/48\/revisions\/194"}],"wp:featuredmedia":[{"embeddable":true,"href":"https:\/\/dimljenariba.com\/suskavci\/wp-json\/wp\/v2\/media\/198"}],"wp:attachment":[{"href":"https:\/\/dimljenariba.com\/suskavci\/wp-json\/wp\/v2\/media?parent=48"}],"curies":[{"name":"wp","href":"https:\/\/api.w.org\/{rel}","templated":true}]}}